prime factors of 5868.
2, 3, 163
What are the prime factors of 222461?
222461
List the prime factors of 2503132.
2, 41, 15263
What are the prime factors of 2677501?
31, 86371
What are the prime factors of 317978?
2, 37, 4297
What are the prime factors of 1709025?
3, 5, 22787
What are the prime factors of 284860?
2, 5, 14243
What are the prime factors of 1462738?
2, 731369
List the prime factors of 350991.
3, 59, 661
List the prime factors of 837410.
2, 5, 7, 1709
What are the prime factors of 4546227?
3, 7, 37, 5851
List the prime factors of 8158742.
2, 17, 239963
What are the prime factors of 3242753?
3242753
List the prime factors of 694535.
5, 17, 8171
List the prime factors of 1176861.
3, 7, 56041
List the prime factors of 310351.
503, 617
What are the prime factors of 3073799?
3073799
What are the prime factors of 18502975?
5, 107, 6917
What are the prime factors of 7005?
3, 5, 467
What are the prime factors of 4741859?
4741859
List the prime factors of 5698635.
3, 5, 379909
What are the prime factors of 19817549?
131, 151279
List the prime factors of 3261112.
2, 407639
List the prime factors of 1158632.
2, 144829
What are the prime factors of 347763?
3, 13, 37, 241
What are the prime factors of 5050607?
5050607
What are the prime factors of 401741?
23, 17467
What are the prime factors of 15707738?
2, 463, 16963
What are the prime factors of 55307?
7, 7901
What are the prime factors of 7075598?
2, 73, 48463
List the prime factors of 2435053.
2435053
List the prime factors of 8482951.
8482951
List the prime factors of 124224.
2, 3, 647
List the prime factors of 88459.
7, 12637
List the prime factors of 257406.
2, 3, 42901
What are the prime factors of 229653?
3, 17, 19, 79
List the prime factors of 239975.
5, 29, 331
What are the prime factors of 7050227?
7050227
What are the prime factors of 1472288?
2, 139, 331
What are the prime factors of 20579?
13, 1583
List the prime factors of 937176.
2, 3, 17, 2297
List the prime factors of 139092.
2, 3, 67, 173
What are the prime factors of 563051?
563051
What are the prime factors of 6796727?
7, 970961
What are the prime factors of 875758?
2, 13, 2591
What are the prime factors of 4376939?
7, 17, 36781
List the prime factors of 706094.
2, 353047
What are the prime factors of 296885?
5, 59377
What are the prime factors of 800493?
3, 163, 1637
List the prime factors of 205494.
2, 3, 29, 1181
List the prime factors of 13640053.
7, 233, 8363
What are the prime factors of 91168?
2, 7, 11, 37
List the prime factors of 354933.
3, 113, 349
What are the prime factors of 167601?
3, 7, 23, 347
What are the prime factors of 251428?
2, 239, 263
List the prime factors of 2027102.
2, 7, 11, 13163
What are the prime factors of 10945?
5, 11, 199
List the prime factors of 99970.
2, 5, 13, 769
List the prime factors of 188628.
2, 3, 11, 1429
What are the prime factors of 981594?
2, 3, 23, 2371
List the prime factors of 231727.
17, 43, 317
What are the prime factors of 3308780?
2, 5, 23, 7193
List the prime factors of 30259773.
3, 1543, 2179
What are the prime factors of 13472219?
13472219
List the prime factors of 4096369.
23, 178103
What are the prime factors of 13835882?
2, 6917941
What are the prime factors of 3080893?
17, 127, 1427
List the prime factors of 407182.
2, 203591
What are the prime factors of 108637?
108637
List the prime factors of 183109.
71, 2579
What are the prime factors of 12318707?
19, 29, 79, 283
List the prime factors of 1363448.
2, 131, 1301
What are the prime factors of 97429?
97429
List the prime factors of 925650.
2, 3, 5, 11, 17
List the prime factors of 214692.
2, 3, 17891
What are the prime factors of 1310991?
3, 11, 39727
What are the prime factors of 1374644?
2, 343661
List the prime factors of 335717.
97, 3461
List the prime factors of 148494.
2, 3, 24749
List the prime factors of 175848.
2, 3, 17, 431
List the prime factors of 834999.
3, 11, 25303
What are the prime factors of 5385044?
2, 7, 192323
What are the prime factors of 1914970?
2, 5, 191497
List the prime factors of 3363964.
2, 840991
List the prime factors of 226131.
3, 75377
What are the prime factors of 12561317?
17, 631, 1171
List the prime factors of 84001.
167, 503
What are the prime factors of 425869?
425869
List the prime factors of 733658.
2, 366829
List the prime factors of 724923.
3, 26849
List the prime factors of 488618.
2, 13, 18793
List the prime factors of 20273.
11, 19, 97
List the prime factors of 10693445.
5, 7, 109, 2803
List the prime factors of 10291300.
2, 5, 102913
List the prime factors of 746794.
2, 101, 3697
List the prime factors of 3904293.
3, 167, 7793
What are the prime factors of 10716276?
2, 3, 893023
List the prime factors of 6155654.
2, 3077827
List the prime factors of 2559156.
2, 3, 213263
What are the prime factors of 626879?
11, 56989
What are the prime factors of 25492569?
3, 8497523
What are the prime factors of 21526340?
2, 5, 11, 97847
What are the prime factors of 1448366?
2, 17, 41, 1039
List the prime factors of 4505598.
2, 3, 83437
What are the prime factors of 1136849?
7, 23201
What are the prime factors of 1663796?
2, 415949
List the prime factors of 10632952.
2, 11, 120829
List the prime factors of 410193.
3, 7, 17, 383
What are the prime factors of 207117?
3, 2557
List the prime factors of 1461636.
2, 3, 11, 3691
What are the prime factors of 515929?
515929
List the prime factors of 297126.
2, 3, 17, 971
What are the prime factors of 5904151?
11, 17, 31573
List the prime factors of 122119.
29, 4211
List the prime factors of 336280.
2, 5, 7, 1201
What are the prime factors of 2597661?
3, 11, 19, 1381
List the prime factors of 3464707.
19, 182353
What are the prime factors of 463219?
463219
What are the prime factors of 1201064?
2, 29, 31, 167
List the prime factors of 91189.
7, 1861
List the prime factors of 22233382.
2, 17, 19, 127, 271
List the prime factors of 205987.
29, 7103
What are the prime factors of 200840?
2, 5, 5021
List the prime factors of 251179.
251179
What are the prime factors of 2723524?
2, 680881
What are the prime factors of 3066955?
5, 167, 3673
What are the prime factors of 336403?
336403
What are the prime factors of 784837?
784837
What are the prime factors of 1456692?
2, 3, 19, 6389
List the prime factors of 1804284.
2, 3, 50119
What are the prime factors of 152960?
2, 5, 239
List the prime factors of 485089.
11, 19, 211
What are the prime factors of 416594?
2, 19, 577
List the prime factors of 5264937.
3, 584993
What are the prime factors of 1457788?
2, 364447
List the prime factors of 1532466.
2, 3, 13, 37, 59
List the prime factors of 509926.
2, 254963
List the prime factors of 2194271.
83, 26437
What are the prime factors of 139122?
2, 3, 59, 131
List the prime factors of 198755.
5, 127, 313
What are the prime factors of 600234?
2, 3, 71, 1409
What are the prime factors of 23029?
23029
List the prime factors of 10729457.
10729457
List the prime factors of 4938709.
307, 16087
What are the prime factors of 5593061?
433, 12917
List the prime factors of 346075.
5, 109, 127
List the prime factors of 52750.
2, 5, 211
What are the prime factors of 8008318?
2, 167, 23977
What are the prime factors of 32524?
2, 47, 173
What are the prime factors of 11058975?
3, 5, 23, 2137
What are the prime factors of 2317901?
31, 74771
What are the prime factors of 16790945?
5, 239, 14051
What are the prime factors of 441212?
2, 73, 1511
List the prime factors of 975639.
3, 7, 6637
What are the prime factors of 1264450?
2, 5, 11, 19
List the prime factors of 2520883.
29, 86927
What are the prime factors of 2898259?
7, 13, 31849
What are the prime factors of 79002?
2, 3, 7, 11, 19
List the prime factors of 223916.
2, 7, 11, 727
List the prime factors of 1014523.
97, 10459
List the prime factors of 283130.
2, 5, 23, 1231
What are the prime factors of 400937?
71, 5647
What are the prime factors of 2597274?
2, 3, 313, 461
List the prime factors of 8596119.
3, 7, 58477
What are the prime factors of 428634?
2, 3, 23813
What are the prime factors of 2796812?
2, 181, 3863
List the prime factors of 329450.
2, 5, 11, 599
List the prime factors of 557141.
13, 17, 2521
List the prime factors of 200300.
2, 5, 2003
List the prime factors of 2262314.
2, 1131157
List the prime